{"id":83506,"date":"2016-11-23T23:45:56","date_gmt":"2016-11-23T22:45:56","guid":{"rendered":"http:\/\/eldigitaldeasturias.com\/magazine365\/?page_id=83506"},"modified":"2023-12-25T17:34:53","modified_gmt":"2023-12-25T16:34:53","slug":"publicidad-web","status":"publish","type":"page","link":"https:\/\/eldigitaldeasturias.com\/magazine365\/publicidad-web\/","title":{"rendered":"Publicidad web"},"content":{"rendered":"<p>Bienvenidos a nuestra secci\u00f3n de <strong>publicidad<\/strong>, <strong>el lugar en el que te informamos de nuestros productos y tarifas de precios vigentes para el a\u00f1o 2024 en <a href=\"https:\/\/eldigitaldeasturias.com\/magazine365\"><span style=\"color: #ff6600;\">Magazine 365 Asturias<\/span><\/a>.<\/strong><\/p>\n<p><img fetchpriority=\"high\" decoding=\"async\" class=\"aligncenter size-full wp-image-111238\" src=\"https:\/\/eldigitaldeasturias.com\/magazine365\/wp-content\/uploads\/2023\/12\/publicidad-web-365.jpg\" alt=\"publicidad web 365\" width=\"640\" height=\"427\" srcset=\"https:\/\/eldigitaldeasturias.com\/magazine365\/wp-content\/uploads\/2023\/12\/publicidad-web-365.jpg 640w, https:\/\/eldigitaldeasturias.com\/magazine365\/wp-content\/uploads\/2023\/12\/publicidad-web-365-360x240.jpg 360w, https:\/\/eldigitaldeasturias.com\/magazine365\/wp-content\/uploads\/2023\/12\/publicidad-web-365-150x100.jpg 150w, https:\/\/eldigitaldeasturias.com\/magazine365\/wp-content\/uploads\/2023\/12\/publicidad-web-365-450x300.jpg 450w\" sizes=\"(max-width: 640px) 100vw, 640px\" \/><\/p>\n<p><strong>Magazine 365 es parte d<\/strong>e<span style=\"color: #ff6600;\"> <a style=\"color: #ff6600;\" href=\"https:\/\/www.eldigitaldeasturias.com\/\" target=\"_blank\" rel=\"noopener\"><strong>El Digital de Asturias<\/strong><\/a><\/span>, un medio de comunicaci\u00f3n con una larga trayectoria y presencia en la red desde el a\u00f1o 2013,<strong> millones de personas nos han visitado y cientos de marcas y empresas nos han confiado su publicidad.<\/strong><\/p>\n<h2>Creamos contenidos.<\/h2>\n<p><strong>En nuestras redes y plataformas creamos contenidos que son vistos, le\u00eddos, escuchados y compartidos por cientos e incluso miles de personas cada jornada.<\/strong><\/p>\n<p>Todas las personas que conocen el mundo de internet, saben que hay contenidos y noticias que llegan a m\u00e1s o menos personas. <strong>Eso no es motivo para no apostar siempre por la calidad y el trabajo diario, buscando mejorar siempre lo que ofrecemos tanto a nuestros lectores como anunciantes.<\/strong><\/p>\n<h2>La nueva publicidad.<\/h2>\n<p>En nuestro diario <strong>no encontrar\u00e1 banners de marcas o empresas, lo hacemos para mejorar la experiencia de nuestros usuarios<\/strong>. \u00bfPodr\u00edamos tener nuestro diario lleno de publicidad emergente, ventanas y molestos anuncios?. Obviamente podr\u00edamos, pero sabemos, tanto como creadores y consumidores de contenidos que es molesto para los lectores.<\/p>\n<p><img decoding=\"async\" class=\"aligncenter size-full wp-image-111236\" src=\"https:\/\/eldigitaldeasturias.com\/magazine365\/wp-content\/uploads\/2023\/12\/SEO-365.jpg\" alt=\"SEO 365\" width=\"640\" height=\"425\" srcset=\"https:\/\/eldigitaldeasturias.com\/magazine365\/wp-content\/uploads\/2023\/12\/SEO-365.jpg 640w, https:\/\/eldigitaldeasturias.com\/magazine365\/wp-content\/uploads\/2023\/12\/SEO-365-360x239.jpg 360w, https:\/\/eldigitaldeasturias.com\/magazine365\/wp-content\/uploads\/2023\/12\/SEO-365-150x100.jpg 150w, https:\/\/eldigitaldeasturias.com\/magazine365\/wp-content\/uploads\/2023\/12\/SEO-365-450x299.jpg 450w\" sizes=\"(max-width: 640px) 100vw, 640px\" \/><\/p>\n<p>En nuestro diario<strong> ofrecemos distribuci\u00f3n de notas de prensa, inserci\u00f3n de links y creamos cada jornada decenas de post patrocinados,<\/strong> tambi\u00e9n trabajamos con una serie de agencias de noticias y de distribuci\u00f3n de post, art\u00edculos e informaci\u00f3n.<\/p>\n<p>Obviamente no es un servicio gratuito, pues se hacen referencia a marcas, empresas y productos, pero garantizamos un buen posicionamiento y buenos resultados.<\/p>\n<h2>Cientos de clientes satisfechos.<\/h2>\n<p>Cada d\u00eda son muchas las <strong>empresas que nos conf\u00edan sus textos, menciones en radio, reportajes en nuestra TV Online, o que buscan la distribuci\u00f3n de sus notas de prensa<\/strong>.<\/p>\n<p><img decoding=\"async\" class=\"aligncenter size-full wp-image-111237\" src=\"https:\/\/eldigitaldeasturias.com\/magazine365\/wp-content\/uploads\/2023\/12\/creatividad-365.jpg\" alt=\"creatividad 365\" width=\"640\" height=\"401\" srcset=\"https:\/\/eldigitaldeasturias.com\/magazine365\/wp-content\/uploads\/2023\/12\/creatividad-365.jpg 640w, https:\/\/eldigitaldeasturias.com\/magazine365\/wp-content\/uploads\/2023\/12\/creatividad-365-360x226.jpg 360w, https:\/\/eldigitaldeasturias.com\/magazine365\/wp-content\/uploads\/2023\/12\/creatividad-365-150x94.jpg 150w, https:\/\/eldigitaldeasturias.com\/magazine365\/wp-content\/uploads\/2023\/12\/creatividad-365-450x282.jpg 450w\" sizes=\"(max-width: 640px) 100vw, 640px\" \/><\/p>\n<blockquote><p>La calidad es la base de cualquier trabajo, la esencia de nuestro medio y lo que ofrecemos a comercios locales, peque\u00f1as o medianas empresas, aut\u00f3nomos y todas aquellas que quieran formar parte de nuestro escaparate digital.<\/p><\/blockquote>\n<p>\u00bfDeseas conocer nuestras tarifas y precios? \u00bfLas tem\u00e1ticas que aceptamos y publicamos? \u00bfContratar la publicaci\u00f3n o difusi\u00f3n de un contenido o nota de prensa?<\/p>\n<p><strong><em>En ese caso escr\u00edbenos a comercial@eldigitaldeasturias.com<\/em><\/strong><\/p>\n<p><em>En un plazo no superior a 48 horas te ofreceremos una respuesta.<\/em><\/p>\n","protected":false},"excerpt":{"rendered":"<p>Bienvenidos a nuestra secci\u00f3n de publicidad, el lugar en el que te informamos de nuestros productos y tarifas de precios vigentes para el a\u00f1o 2024 en Magazine 365 Asturias. Magazine 365 es parte de El Digital de Asturias, un medio de comunicaci\u00f3n con una larga trayectoria y presencia en la red desde el a\u00f1o 2013,<\/p>\n","protected":false},"author":1,"featured_media":111238,"parent":0,"menu_order":0,"comment_status":"closed","ping_status":"closed","template":"","meta":{"footnotes":""},"class_list":["post-83506","page","type-page","status-publish","has-post-thumbnail"],"aioseo_notices":[],"aioseo_head":"\n\t\t<!-- All in One SEO Pro 4.9.5.2 - aioseo.com -->\n\t<meta name=\"description\" content=\"Bienvenidos a nuestra secci\u00f3n de publicidad, el lugar en el que te informamos de nuestros productos y tarifas de precios vigentes para el a\u00f1o 2024 en Magazine\" \/>\n\t<meta name=\"robots\" content=\"max-image-preview:large\" \/>\n\t<meta name=\"google-site-verification\" content=\"UA-38556648-1\" \/>\n\t<link rel=\"canonical\" href=\"https:\/\/eldigitaldeasturias.com\/magazine365\/publicidad-web\/\" \/>\n\t<meta name=\"generator\" content=\"All in One SEO Pro (AIOSEO) 4.9.5.2\" \/>\n\t\t<meta property=\"og:locale\" content=\"es_ES\" \/>\n\t\t<meta property=\"og:site_name\" content=\"El Digital de Asturias \u2013 Revista de ocio, turismo y estilo de vida\" \/>\n\t\t<meta property=\"og:type\" content=\"article\" \/>\n\t\t<meta property=\"og:title\" content=\"Publicidad web \u2013 El Digital de Asturias\" \/>\n\t\t<meta property=\"og:description\" content=\"Bienvenidos a nuestra secci\u00f3n de publicidad, el lugar en el que te informamos de nuestros productos y tarifas de precios vigentes para el a\u00f1o 2024 en Magazine\" \/>\n\t\t<meta property=\"og:url\" content=\"https:\/\/eldigitaldeasturias.com\/magazine365\/publicidad-web\/\" \/>\n\t\t<meta property=\"og:image\" content=\"https:\/\/eldigitaldeasturias.com\/magazine365\/wp-content\/uploads\/2023\/12\/publicidad-web-365.jpg\" \/>\n\t\t<meta property=\"og:image:secure_url\" content=\"https:\/\/eldigitaldeasturias.com\/magazine365\/wp-content\/uploads\/2023\/12\/publicidad-web-365.jpg\" \/>\n\t\t<meta property=\"og:image:width\" content=\"640\" \/>\n\t\t<meta property=\"og:image:height\" content=\"427\" \/>\n\t\t<meta property=\"article:published_time\" content=\"2016-11-23T22:45:56+00:00\" \/>\n\t\t<meta property=\"article:modified_time\" content=\"2023-12-25T16:34:53+00:00\" \/>\n\t\t<meta name=\"twitter:card\" content=\"summary_large_image\" \/>\n\t\t<meta name=\"twitter:title\" content=\"Publicidad web \u2013 El Digital de Asturias\" \/>\n\t\t<meta name=\"twitter:description\" content=\"Bienvenidos a nuestra secci\u00f3n de publicidad, el lugar en el que te informamos de nuestros productos y tarifas de precios vigentes para el a\u00f1o 2024 en Magazine\" \/>\n\t\t<meta name=\"twitter:image\" content=\"https:\/\/eldigitaldeasturias.com\/magazine365\/wp-content\/uploads\/2023\/12\/publicidad-web-365.jpg\" \/>\n\t\t<script type=\"application\/ld+json\" class=\"aioseo-schema\">\n\t\t\t{\"@context\":\"https:\\\/\\\/schema.org\",\"@graph\":[{\"@type\":\"BreadcrumbList\",\"@id\":\"https:\\\/\\\/eldigitaldeasturias.com\\\/magazine365\\\/publicidad-web\\\/#breadcrumblist\",\"itemListElement\":[{\"@type\":\"ListItem\",\"@id\":\"https:\\\/\\\/eldigitaldeasturias.com\\\/magazine365#listItem\",\"position\":1,\"name\":\"Home\",\"item\":\"https:\\\/\\\/eldigitaldeasturias.com\\\/magazine365\",\"nextItem\":{\"@type\":\"ListItem\",\"@id\":\"https:\\\/\\\/eldigitaldeasturias.com\\\/magazine365\\\/publicidad-web\\\/#listItem\",\"name\":\"Publicidad web\"}},{\"@type\":\"ListItem\",\"@id\":\"https:\\\/\\\/eldigitaldeasturias.com\\\/magazine365\\\/publicidad-web\\\/#listItem\",\"position\":2,\"name\":\"Publicidad web\",\"previousItem\":{\"@type\":\"ListItem\",\"@id\":\"https:\\\/\\\/eldigitaldeasturias.com\\\/magazine365#listItem\",\"name\":\"Home\"}}]},{\"@type\":\"Organization\",\"@id\":\"https:\\\/\\\/eldigitaldeasturias.com\\\/magazine365\\\/#organization\",\"name\":\"El digital de Asturias\",\"description\":\"Revista de ocio, turismo y estilo de vida\",\"url\":\"https:\\\/\\\/eldigitaldeasturias.com\\\/magazine365\\\/\",\"logo\":{\"@type\":\"ImageObject\",\"url\":\"https:\\\/\\\/www.eldigitaldeasturias.com\\\/noticias\\\/wp-content\\\/uploads\\\/2020\\\/12\\\/EDA.jpg\",\"@id\":\"https:\\\/\\\/eldigitaldeasturias.com\\\/magazine365\\\/publicidad-web\\\/#organizationLogo\"},\"image\":{\"@id\":\"https:\\\/\\\/eldigitaldeasturias.com\\\/magazine365\\\/publicidad-web\\\/#organizationLogo\"}},{\"@type\":\"WebPage\",\"@id\":\"https:\\\/\\\/eldigitaldeasturias.com\\\/magazine365\\\/publicidad-web\\\/#webpage\",\"url\":\"https:\\\/\\\/eldigitaldeasturias.com\\\/magazine365\\\/publicidad-web\\\/\",\"name\":\"Publicidad web \\u2013 El Digital de Asturias\",\"description\":\"Bienvenidos a nuestra secci\\u00f3n de publicidad, el lugar en el que te informamos de nuestros productos y tarifas de precios vigentes para el a\\u00f1o 2024 en Magazine\",\"inLanguage\":\"es-ES\",\"isPartOf\":{\"@id\":\"https:\\\/\\\/eldigitaldeasturias.com\\\/magazine365\\\/#website\"},\"breadcrumb\":{\"@id\":\"https:\\\/\\\/eldigitaldeasturias.com\\\/magazine365\\\/publicidad-web\\\/#breadcrumblist\"},\"image\":{\"@type\":\"ImageObject\",\"url\":\"https:\\\/\\\/eldigitaldeasturias.com\\\/magazine365\\\/wp-content\\\/uploads\\\/2023\\\/12\\\/publicidad-web-365.jpg\",\"@id\":\"https:\\\/\\\/eldigitaldeasturias.com\\\/magazine365\\\/publicidad-web\\\/#mainImage\",\"width\":640,\"height\":427,\"caption\":\"publicidad web 365\"},\"primaryImageOfPage\":{\"@id\":\"https:\\\/\\\/eldigitaldeasturias.com\\\/magazine365\\\/publicidad-web\\\/#mainImage\"},\"datePublished\":\"2016-11-23T23:45:56+01:00\",\"dateModified\":\"2023-12-25T17:34:53+01:00\"},{\"@type\":\"WebSite\",\"@id\":\"https:\\\/\\\/eldigitaldeasturias.com\\\/magazine365\\\/#website\",\"url\":\"https:\\\/\\\/eldigitaldeasturias.com\\\/magazine365\\\/\",\"name\":\"El Digital de Asturias\",\"description\":\"Revista de ocio, turismo y estilo de vida\",\"inLanguage\":\"es-ES\",\"publisher\":{\"@id\":\"https:\\\/\\\/eldigitaldeasturias.com\\\/magazine365\\\/#organization\"}}]}\n\t\t<\/script>\n\t\t<!-- All in One SEO Pro -->\r\n\t\t<title>Publicidad web \u2013 El Digital de Asturias<\/title>\n\n","aioseo_head_json":{"title":"Publicidad web \u2013 El Digital de Asturias","description":"Bienvenidos a nuestra secci\u00f3n de publicidad, el lugar en el que te informamos de nuestros productos y tarifas de precios vigentes para el a\u00f1o 2024 en Magazine","canonical_url":"https:\/\/eldigitaldeasturias.com\/magazine365\/publicidad-web\/","robots":"max-image-preview:large","keywords":"","webmasterTools":{"google-site-verification":"UA-38556648-1","miscellaneous":""},"schema":{"@context":"https:\/\/schema.org","@graph":[{"@type":"BreadcrumbList","@id":"https:\/\/eldigitaldeasturias.com\/magazine365\/publicidad-web\/#breadcrumblist","itemListElement":[{"@type":"ListItem","@id":"https:\/\/eldigitaldeasturias.com\/magazine365#listItem","position":1,"name":"Home","item":"https:\/\/eldigitaldeasturias.com\/magazine365","nextItem":{"@type":"ListItem","@id":"https:\/\/eldigitaldeasturias.com\/magazine365\/publicidad-web\/#listItem","name":"Publicidad web"}},{"@type":"ListItem","@id":"https:\/\/eldigitaldeasturias.com\/magazine365\/publicidad-web\/#listItem","position":2,"name":"Publicidad web","previousItem":{"@type":"ListItem","@id":"https:\/\/eldigitaldeasturias.com\/magazine365#listItem","name":"Home"}}]},{"@type":"Organization","@id":"https:\/\/eldigitaldeasturias.com\/magazine365\/#organization","name":"El digital de Asturias","description":"Revista de ocio, turismo y estilo de vida","url":"https:\/\/eldigitaldeasturias.com\/magazine365\/","logo":{"@type":"ImageObject","url":"https:\/\/www.eldigitaldeasturias.com\/noticias\/wp-content\/uploads\/2020\/12\/EDA.jpg","@id":"https:\/\/eldigitaldeasturias.com\/magazine365\/publicidad-web\/#organizationLogo"},"image":{"@id":"https:\/\/eldigitaldeasturias.com\/magazine365\/publicidad-web\/#organizationLogo"}},{"@type":"WebPage","@id":"https:\/\/eldigitaldeasturias.com\/magazine365\/publicidad-web\/#webpage","url":"https:\/\/eldigitaldeasturias.com\/magazine365\/publicidad-web\/","name":"Publicidad web \u2013 El Digital de Asturias","description":"Bienvenidos a nuestra secci\u00f3n de publicidad, el lugar en el que te informamos de nuestros productos y tarifas de precios vigentes para el a\u00f1o 2024 en Magazine","inLanguage":"es-ES","isPartOf":{"@id":"https:\/\/eldigitaldeasturias.com\/magazine365\/#website"},"breadcrumb":{"@id":"https:\/\/eldigitaldeasturias.com\/magazine365\/publicidad-web\/#breadcrumblist"},"image":{"@type":"ImageObject","url":"https:\/\/eldigitaldeasturias.com\/magazine365\/wp-content\/uploads\/2023\/12\/publicidad-web-365.jpg","@id":"https:\/\/eldigitaldeasturias.com\/magazine365\/publicidad-web\/#mainImage","width":640,"height":427,"caption":"publicidad web 365"},"primaryImageOfPage":{"@id":"https:\/\/eldigitaldeasturias.com\/magazine365\/publicidad-web\/#mainImage"},"datePublished":"2016-11-23T23:45:56+01:00","dateModified":"2023-12-25T17:34:53+01:00"},{"@type":"WebSite","@id":"https:\/\/eldigitaldeasturias.com\/magazine365\/#website","url":"https:\/\/eldigitaldeasturias.com\/magazine365\/","name":"El Digital de Asturias","description":"Revista de ocio, turismo y estilo de vida","inLanguage":"es-ES","publisher":{"@id":"https:\/\/eldigitaldeasturias.com\/magazine365\/#organization"}}]},"og:locale":"es_ES","og:site_name":"El Digital de Asturias \u2013 Revista de ocio, turismo y estilo de vida","og:type":"article","og:title":"Publicidad web \u2013 El Digital de Asturias","og:description":"Bienvenidos a nuestra secci\u00f3n de publicidad, el lugar en el que te informamos de nuestros productos y tarifas de precios vigentes para el a\u00f1o 2024 en Magazine","og:url":"https:\/\/eldigitaldeasturias.com\/magazine365\/publicidad-web\/","og:image":"https:\/\/eldigitaldeasturias.com\/magazine365\/wp-content\/uploads\/2023\/12\/publicidad-web-365.jpg","og:image:secure_url":"https:\/\/eldigitaldeasturias.com\/magazine365\/wp-content\/uploads\/2023\/12\/publicidad-web-365.jpg","og:image:width":640,"og:image:height":427,"article:published_time":"2016-11-23T22:45:56+00:00","article:modified_time":"2023-12-25T16:34:53+00:00","twitter:card":"summary_large_image","twitter:title":"Publicidad web \u2013 El Digital de Asturias","twitter:description":"Bienvenidos a nuestra secci\u00f3n de publicidad, el lugar en el que te informamos de nuestros productos y tarifas de precios vigentes para el a\u00f1o 2024 en Magazine","twitter:image":"https:\/\/eldigitaldeasturias.com\/magazine365\/wp-content\/uploads\/2023\/12\/publicidad-web-365.jpg"},"aioseo_meta_data":{"post_id":"83506","title":null,"description":"Bienvenidos a nuestra secci\u00f3n de publicidad, el lugar en el que te informamos de nuestros productos y tarifas de precios vigentes para el a\u00f1o 2024 en Magazine","keywords":[],"keyphrases":{"focus":{"keyphrase":"Publicidad","score":100,"analysis":{"keyphraseInTitle":{"score":9,"maxScore":9,"error":0},"keyphraseInDescription":{"score":9,"maxScore":9,"error":0},"keyphraseLength":{"score":9,"maxScore":9,"error":0,"length":1},"keyphraseInURL":{"score":5,"maxScore":5,"error":0},"keyphraseInIntroduction":{"score":9,"maxScore":9,"error":0},"keyphraseInSubHeadings":{"score":9,"maxScore":9,"error":0},"keyphraseInImageAlt":{"score":9,"maxScore":9,"error":0},"keywordDensity":{"type":"best","score":9,"maxScore":9,"error":0}}},"additional":[{"keyphrase":"publicidad","score":100,"analysis":{"keyphraseInDescription":{"score":9,"maxScore":9,"error":0},"keyphraseLength":{"score":9,"maxScore":9,"error":0,"length":1},"keyphraseInIntroduction":{"score":9,"maxScore":9,"error":0},"keyphraseInImageAlt":{"score":9,"maxScore":9,"error":0},"keywordDensity":{"type":"best","score":9,"maxScore":9,"error":0}}},{"keyphrase":"Asturias","score":73,"analysis":{"keyphraseInDescription":{"score":3,"maxScore":9,"error":1},"keyphraseLength":{"score":9,"maxScore":9,"error":0,"length":1},"keyphraseInIntroduction":{"score":9,"maxScore":9,"error":0},"keyphraseInImageAlt":{"score":3,"maxScore":9,"error":1},"keywordDensity":{"type":"best","score":9,"maxScore":9,"error":0}}}]},"primary_term":null,"canonical_url":null,"og_title":null,"og_description":null,"og_object_type":"default","og_image_type":"default","og_image_url":null,"og_image_width":null,"og_image_height":null,"og_image_custom_url":null,"og_image_custom_fields":null,"og_video":"","og_custom_url":null,"og_article_section":null,"og_article_tags":[],"twitter_use_og":false,"twitter_card":"default","twitter_image_type":"default","twitter_image_url":null,"twitter_image_custom_url":null,"twitter_image_custom_fields":null,"twitter_title":null,"twitter_description":null,"schema":{"blockGraphs":[],"customGraphs":[],"default":{"data":{"Article":[],"Course":[],"Dataset":[],"FAQPage":[],"Movie":[],"Person":[],"Product":[],"ProductReview":[],"Car":[],"Recipe":[],"Service":[],"SoftwareApplication":[],"WebPage":[]},"graphName":"WebPage","isEnabled":true},"graphs":[]},"schema_type":"default","schema_type_options":"{\"article\":{\"articleType\":\"BlogPosting\"},\"course\":{\"name\":\"\",\"description\":\"\",\"provider\":\"\"},\"faq\":{\"pages\":[]},\"product\":{\"reviews\":[]},\"recipe\":{\"ingredients\":[],\"instructions\":[],\"keywords\":[]},\"software\":{\"reviews\":[],\"operatingSystems\":[]},\"webPage\":{\"webPageType\":\"WebPage\"}}","pillar_content":false,"robots_default":true,"robots_noindex":false,"robots_noarchive":false,"robots_nosnippet":false,"robots_nofollow":false,"robots_noimageindex":false,"robots_noodp":false,"robots_notranslate":false,"robots_max_snippet":"-1","robots_max_videopreview":"-1","robots_max_imagepreview":"large","priority":null,"frequency":"default","location":null,"local_seo":null,"seo_analyzer_scan_date":"2025-09-30 07:17:13","breadcrumb_settings":null,"limit_modified_date":false,"open_ai":"{\"title\":{\"suggestions\":[],\"usage\":0},\"description\":{\"suggestions\":[],\"usage\":0}}","ai":null,"created":"2020-12-21 13:32:29","updated":"2025-09-30 07:17:13"},"aioseo_breadcrumb":"<div class=\"aioseo-breadcrumbs\"><span class=\"aioseo-breadcrumb\">\n\t<a href=\"https:\/\/eldigitaldeasturias.com\/magazine365\" title=\"Home\">Home<\/a>\n<\/span><span class=\"aioseo-breadcrumb-separator\">\u2013<\/span><span class=\"aioseo-breadcrumb\">\n\t<a href=\"https:\/\/eldigitaldeasturias.com\/magazine365\/publicidad-web\/\" title=\"Publicidad web\">Publicidad web<\/a>\n<\/span><\/div>","aioseo_breadcrumb_json":[{"label":"Home","link":"https:\/\/eldigitaldeasturias.com\/magazine365"},{"label":"Publicidad web","link":"https:\/\/eldigitaldeasturias.com\/magazine365\/publicidad-web\/"}],"_links":{"self":[{"href":"https:\/\/eldigitaldeasturias.com\/magazine365\/wp-json\/wp\/v2\/pages\/83506","targetHints":{"allow":["GET"]}}],"collection":[{"href":"https:\/\/eldigitaldeasturias.com\/magazine365\/wp-json\/wp\/v2\/pages"}],"about":[{"href":"https:\/\/eldigitaldeasturias.com\/magazine365\/wp-json\/wp\/v2\/types\/page"}],"author":[{"embeddable":true,"href":"https:\/\/eldigitaldeasturias.com\/magazine365\/wp-json\/wp\/v2\/users\/1"}],"replies":[{"embeddable":true,"href":"https:\/\/eldigitaldeasturias.com\/magazine365\/wp-json\/wp\/v2\/comments?post=83506"}],"version-history":[{"count":0,"href":"https:\/\/eldigitaldeasturias.com\/magazine365\/wp-json\/wp\/v2\/pages\/83506\/revisions"}],"wp:featuredmedia":[{"embeddable":true,"href":"https:\/\/eldigitaldeasturias.com\/magazine365\/wp-json\/wp\/v2\/media\/111238"}],"wp:attachment":[{"href":"https:\/\/eldigitaldeasturias.com\/magazine365\/wp-json\/wp\/v2\/media?parent=83506"}],"curies":[{"name":"wp","href":"https:\/\/api.w.org\/{rel}","templated":true}]}}